c(2). Calculate the greatest common factor of 10 and z.
10
Let y = -1278 + 1808. Let x = -494 + y. Calculate the highest common factor of x and 32.
4
Suppose -147 = 57*z - 831. What is the greatest common divisor of z and 204?
12
Let z be 10 - ((-3 - -66)/7 + -79). Calculate the greatest common divisor of z and 592.
16
Suppose 14*t - 4517 - 3869 = 0. Let f = t + -211. Calculate the highest common factor of f and 97.
97
Suppose -3*d = 130 - 148. Suppose d*p = 285 + 3. Let g = -36 + p. What is the highest common divisor of g and 48?
12
Suppose 15*h = -40*h + 3465. What is the highest common factor of h and 525?
21
Suppose 0 = 3*p - 24, -4*p - 7533 = -4*u + 3835. What is the highest common divisor of u and 3135?
285
Let l = -4001 - -7249. What is the greatest common divisor of l and 56?
56
Let m = 604 + -380. Suppose 3*l + 4*d = 2*l + m, 4*l = d + 828. What is the greatest common divisor of l and 520?
104
Let d(r) = 212*r - 1571. Let o be d(54). What is the greatest common divisor of o and 7?
7
Let x be 63 + -11 + 12*(-8)/(-24). What is the highest common divisor of x and 854?
14
Suppose -p - 21*f + 16*f = -12, 4*p - 48 = 10*f. Calculate the greatest common factor of 1074 and p.
6
Suppose -108*j + 2178 = -112*j + 246*j. Let o be 1 + (4 - (4 - 2)). Suppose 0 = -i + o. What is the greatest common divisor of j and i?
3
Let p be -2 - (-8)/24*15. Let s(z) = -2*z**2 - 13*z + 36. Let y be s(-8). Calculate the greatest common factor of y and p.
3
Suppose -1445 = -5*o - 4*y - 0*y, 3*y - 15 = 0. Let f = o - 66. Calculate the greatest common divisor of f and 3.
3
Let g be (-10)/(-4)*(1 - -1). Suppose -g*p + b + 629 = 0, 2*b = 2*p - 190 - 60. Suppose 89 - 947 = -96*f + 486. Calculate the highest common divisor of p and f.
14
Let b be 8/6*((-14)/(-2) - 4). Let x be 0 - 0 - ((-1096)/b - -4). Suppose 5*f - 4 - 266 = j, -2*j + x = 5*f. What is the greatest common factor of 6 and f?
6
Suppose 3*l - 87*u + 82*u = 435, l + 2*u - 134 = 0. Calculate the highest common factor of l and 2870.
70
Suppose 28*d = 65925 - 4450 - 4551. What is the highest common divisor of 76 and d?
19
Let p be 18/90 + (-128)/(-10). Suppose p = d - 13. Let j = -5 + 57. Calculate the greatest common divisor of d and j.
26
Let d be 21/2*(285/9 - 1). Let n = d - 132. Calculate the highest common divisor of 10 and n.
10
Suppose l - 5*l - 24 = 0. Let q be (5 + 18/l)*38/(-4). Let j = q - -24. What is the greatest common divisor of 5 and j?
5
Suppose 0 = -7*j + 19*j - 72. Let f be (21/j - 3) + 34/4. Let m = 26 + -20. Calculate the highest common factor of f and m.
3
Suppose v - 145*w - 453 = -142*w, 2*v + 5*w = 884. What is the greatest common divisor of v and 149?
149
Suppose -423*r + 4*t = -419*r - 36, 51 = 3*r + 5*t. What is the greatest common factor of 174 and r?
6
Let j be ((-488)/9*57/38)/(1/(-3)). Calculate the highest common factor of 7 and j.
1
Let t be 9 + 111 + 9 + -9. Suppose -3*n + 48 = -p, 3*n - 154 = 3*p - n. Let f = p + t. What is the highest common factor of 44 and f?
22
Let b(d) = -3*d**3 + 2*d**2 + 6*d + 11. Let l = -455 + 453. Let s be b(l). What is the greatest common divisor of 527 and s?
31
Let r(i) = -3*i - 8. Let u be r(-6). Let j be -71*(6/45 - 129/(-45)). Let f = j - -223. What is the highest common divisor of f and u?
10
Suppose -20 = -4*r - 3*t + 2*t, 0 = -3*r - t + 14. Let a be (-8 - -65)*26/r. What is the highest common divisor of a and 57?
19
Suppose 3*c - 3*q - 165 = -c, 2*c + 3*q = 105. Let t = 5446 + -5440. Calculate the highest common factor of c and t.
3
Let m(s) = -16*s**3 - s - 2. Let x = -16 - -22. Let o be -2 + ((-12)/8)/((-9)/x). Let q be m(o). What is the highest common divisor of 6 and q?
3
Let g = 172 - 30. Let v = 776 + g. What is the highest common divisor of 17 and v?
17
Suppose 4*x + 265 = 49. Let j = -7 - x. Let o = j - 45. What is the highest common factor of o and 18?
2
Let r = 54 + -19. Let s = -810 - -831. What is the greatest common divisor of s and r?
7
Suppose 28 = 3*b + 5*v - 143, 3*b - 171 = -4*v. Let o = 66 - b. Let k be (1 - 0)*(-9)/(-3). Calculate the highest common factor of k and o.
3
Let s = -47 - -41. Let b(v) = -v - 6. Let q be b(s). Let h be (-16 + q)*15/(-6). What is the highest common factor of h and 8?
8
Suppose -4*m = 242*l - 246*l - 2580, 0 = 5*m - 4*l - 3225. Calculate the greatest common divisor of 688 and m.
43
Let c be (-40)/(-6) + -3 + -3 - (-295060)/30. What is the highest common divisor of c and 4?
4
Let w(q) = 4*q**2 - 5*q - 2. Let y be w(4). Suppose y = -5*b - b. Let d be 4/b - (-760)/56. Calculate the highest common divisor of 39 and d.
13
Suppose 0 = -4*p + 3*c + 940, -32*c = -28*c. What is the highest common divisor of 846 and p?
47
Let l = 13 + -11. Let x be l*-10*(-6)/(-8). Let f = x + 27. What is the greatest common factor of 36 and f?
12
Suppose 0*j + t = -2*j + 43, -5*j - 4*t = -115. Let x = j + 131. What is the highest common factor of x and 6?
6
Let y be 144/9 - (1 - -3). Suppose 8 = d - y. Let v be 9/(-6)*d/(-6). Calculate the greatest common factor of 15 and v.
5
Let w be (-1246)/(-6) + -1 + (-18)/(-54). What is the greatest common divisor of 1656 and w?
207
Suppose 7*f - 2*f = 10*d - 8600, d - 878 = 5*f. What is the greatest common divisor of 78 and d?
78
Let b be ((-6)/18)/((-2)/48). Suppose b*a + 20 = 9*a. Suppose 23*y = 5*v + 22*y - 19, 5*v - 24 = -4*y. What is the greatest common factor of v and a?
4
Let a(l) = l**2 - 6*l + 130. Let j be a(-24). Calculate the highest common factor of 110 and j.
10
Suppose 1869 - 652 = 2*n + 3*j, 4*j + 3054 = 5*n. What is the highest common factor of 1342 and n?
122
Suppose -5*y - 2*f = -1113, -13*f - 681 = -3*y - 12*f. Calculate the highest common factor of y and 200.
25
Let i(t) = 2*t**3 - 113*t**2 - 55*t + 86. Let g be i(57). What is the highest common divisor of 3975 and g?
25
Let k(f) = f**3 - 24*f**2 + 14*f + 231. Let d be k(23). Calculate the greatest common factor of d and 1832.
8
Let y(c) = -176*c - 2592. Let w be y(-15). What is the greatest common factor of 3288 and w?
24
Suppose 3*a + 4*a = 231. Suppose 0 = -5*s + a + 47. Suppose -5*c + 10*l = 7*l - 17, -5*l = -5*c + 15. Calculate the highest common factor of s and c.
4
Suppose 0 = -2*u + 5 + 13. Let r be (u/(-12))/(-2*1/96). What is the highest common factor of 27 and r?
9
Let a = 250 + -130. Suppose 65*n - a = 61*n. Calculate the greatest common factor of 1290 and n.
30
Suppose 22*b = 9*b - 1196. Let k be 400/9 - b/(-207). What is the greatest common factor of 33 and k?
11
Suppose -70*k + 573 + 5797 = 0. What is the greatest common divisor of k and 884?
13
Let d(x) = -x**2 + 29*x - 177. Let o(a) = -3*a**2 - 88*a - 11. Let w be o(-29). Let u be d(w). Calculate the highest common divisor of u and 126.
21
Let d be (-7)/21 - 3470*2/45*-6. What is the highest common divisor of d and 775?
25
Suppose 443*f - 2277860 = 2156884 + 729750. Calculate the highest common factor of 201 and f.
201
Let q = -96 - -150. Calculate the highest common factor of 486 and q.
54
Let s(d) = -d**3 + 26*d**2 - 3*d + 84. Suppose -l - 1 + 27 = 0. Let c be s(l). What is the greatest common divisor of 40 and c?
2
Let y be -4 + ((-9)/4)/((-75)/800). Calculate the greatest common divisor of y and 4780.
20
Let u = -913 + 924. Calculate the highest common divisor of u and 1199.
11
Let f be 10407/6 - 3/(-2). What is the greatest common divisor of 8 and f?
8
Suppose -29*p = -39*p + 50. Let i be p - (3 - 3/(-12)*-4). What is the highest common divisor of 48 and i?
3
Let p = -589 + 1184. Let r = p + -589. Calculate the highest common divisor of r and 138.
6
Suppose 2*m - m + 992 = 3*r, 0 = -4*r + m + 1322. Suppose -4*q - 5*f + 65 = -198, 5*q + 6*f - r = 0. What is the greatest common factor of 324 and q?
36
Suppose 8 = -q + 16*t - 20*t, 0 = 5*q - 4*t - 8. Suppose -12*h + 704 + 52 = q. What is the highest common divisor of 441 and h?
63
Suppose 0 = -22*t + 358 - 94. Calculate the highest common divisor of 3258 and t.
6
Suppose 0 = -2*y + 2 - 0. Suppose -4*l + y = -7. Let a be ((-8)/16)/(-8 + (-1716)/(-216)). What is the greatest common factor of l and a?
1
Let z(c) = c**2 - 14*c + 51. Let o be z(6). Calculate the greatest common factor of o and 19.
1
Let z = -3828 + 10032. Calculate the highest common divisor of 132 and z.
132
Suppose -5*y 